928571?
3, 113, 5689
What are the prime factors of 138089?
7, 19727
What are the prime factors of 1451033?
113, 12841
List the prime factors of 3040469.
3040469
What are the prime factors of 2059465?
5, 17, 24229
What are the prime factors of 9310072?
2, 1163759
List the prime factors of 201840.
2, 3, 5, 29
List the prime factors of 12777526.
2, 257, 24859
List the prime factors of 714231.
3, 7, 3779
List the prime factors of 809720.
2, 5, 31, 653
List the prime factors of 70333.
61, 1153
What are the prime factors of 196380?
2, 3, 5, 1091
List the prime factors of 840045.
3, 5, 56003
List the prime factors of 293937.
3, 7, 13997
What are the prime factors of 20137180?
2, 5, 7, 17, 8461
List the prime factors of 1966526.
2, 17, 57839
List the prime factors of 3608733.
3, 211, 5701
List the prime factors of 128811.
3, 42937
What are the prime factors of 209403?
3, 53, 439
What are the prime factors of 73560?
2, 3, 5, 613
What are the prime factors of 774578?
2, 7, 61, 907
What are the prime factors of 148291?
11, 13, 17, 61
List the prime factors of 251096.
2, 31387
List the prime factors of 1981466.
2, 990733
What are the prime factors of 5306940?
2, 3, 5, 29483
What are the prime factors of 18767399?
7, 37, 72461
What are the prime factors of 8601787?
31, 59, 4703
What are the prime factors of 582427?
582427
What are the prime factors of 125980?
2, 5, 6299
List the prime factors of 197650.
2, 5, 59, 67
What are the prime factors of 2201673?
3, 53, 61, 227
List the prime factors of 392118.
2, 3, 65353
List the prime factors of 1181307.
3, 103, 3823
List the prime factors of 2822455.
5, 564491
What are the prime factors of 160102?
2, 80051
What are the prime factors of 2103458?
2, 7, 150247
What are the prime factors of 2071263?
3, 17, 2389
List the prime factors of 106293.
3, 11, 3221
What are the prime factors of 994567?
7, 47, 3023
List the prime factors of 2532051.
3, 281339
List the prime factors of 177211.
177211
List the prime factors of 1073877.
3, 7, 51137
What are the prime factors of 4663054?
2, 11, 79, 2683
What are the prime factors of 19894161?
3, 7, 947341
List the prime factors of 321957.
3, 83, 431
List the prime factors of 22636607.
7, 127, 25463
List the prime factors of 517240.
2, 5, 67, 193
List the prime factors of 2057067.
3, 31, 73, 101
List the prime factors of 10650421.
10650421
List the prime factors of 926905.
5, 7, 71, 373
List the prime factors of 604407.
3, 31, 67, 97
List the prime factors of 78396.
2, 3, 47, 139
List the prime factors of 1110485.
5, 41, 5417
List the prime factors of 3545060.
2, 5, 157, 1129
What are the prime factors of 3137766?
2, 3, 522961
What are the prime factors of 501552?
2, 3, 43
What are the prime factors of 989293?
989293
List the prime factors of 203861.
7, 29123
List the prime factors of 3213315.
3, 5, 7, 101
What are the prime factors of 17658?
2, 3, 109
List the prime factors of 2679524.
2, 181, 3701
List the prime factors of 9841108.
2, 2460277
What are the prime factors of 28215224?
2, 43, 82021
List the prime factors of 5928970.
2, 5, 592897
List the prime factors of 2906287.
1093, 2659
What are the prime factors of 7670955?
3, 5, 53, 9649
What are the prime factors of 5277979?
7, 503, 1499
List the prime factors of 83682.
2, 3, 4649
List the prime factors of 18665378.
2, 109, 85621
What are the prime factors of 664271?
664271
What are the prime factors of 10404944?
2, 11, 59119
List the prime factors of 8389901.
13, 139, 4643
What are the prime factors of 1197084?
2, 3, 7, 14251
What are the prime factors of 9111263?
7, 67, 19427
What are the prime factors of 184276?
2, 23, 2003
What are the prime factors of 113772?
2, 3, 19, 499
List the prime factors of 474068.
2, 7, 16931
List the prime factors of 1172916.
2, 3, 31, 1051
What are the prime factors of 2799748?
2, 7, 99991
What are the prime factors of 792694?
2, 7, 41, 1381
What are the prime factors of 8436827?
7, 149, 8089
What are the prime factors of 234867?
3, 79, 991
What are the prime factors of 1414527?
3, 471509
List the prime factors of 90104.
2, 7, 1609
List the prime factors of 329595.
3, 5, 7, 43, 73
What are the prime factors of 6915187?
71, 97397
List the prime factors of 161849.
29, 5581
List the prime factors of 662081.
7, 94583
List the prime factors of 136670.
2, 5, 79, 173
List the prime factors of 9654523.
139, 69457
List the prime factors of 685702.
2, 167, 2053
What are the prime factors of 270088?
2, 7, 13, 53
List the prime factors of 1243231.
11, 113021
What are the prime factors of 221836?
2, 31, 1789
What are the prime factors of 606827?
13, 46679
List the prime factors of 523738.
2, 131, 1999
What are the prime factors of 607100?
2, 5, 13, 467
List the prime factors of 1085315.
5, 7, 11, 2819
List the prime factors of 211647.
3, 70549
What are the prime factors of 1270597?
17, 31, 2411
List the prime factors of 3495936.
2, 3, 569
List the prime factors of 5257.
7, 751
What are the prime factors of 2803257?
3, 311473
What are the prime factors of 236145?
3, 5, 7, 13, 173
List the prime factors of 149882.
2, 74941
What are the prime factors of 1432073?
1432073
List the prime factors of 491919.
3, 163973
What are the prime factors of 27294665?
5, 5458933
List the prime factors of 433398.
2, 3, 7, 17, 607
What are the prime factors of 577740?
2, 3, 5, 9629
What are the prime factors of 1847449?
139, 13291
List the prime factors of 7276423.
7, 11, 53, 1783
What are the prime factors of 50186?
2, 23, 1091
What are the prime factors of 531668?
2, 23, 5779
List the prime factors of 1110685.
5, 222137
List the prime factors of 2733306.
2, 3, 41, 271
List the prime factors of 6994004.
2, 17, 163, 631
What are the prime factors of 5878571?
5878571
List the prime factors of 13909802.
2, 23, 127, 2381
List the prime factors of 2807604.
2, 3, 167, 467
What are the prime factors of 256661?
256661
List the prime factors of 4637451.
3, 7, 13, 16987
What are the prime factors of 1934440?
2, 5, 137, 353
List the prime factors of 221549.
221549
What are the prime factors of 4537961?
4537961
What are the prime factors of 2271937?
2271937
What are the prime factors of 9157773?
3, 3052591
List the prime factors of 134696.
2, 113, 149
List the prime factors of 239447.
13, 113, 163
List the prime factors of 7633046.
2, 139, 27457
List the prime factors of 23238435.
3, 5, 11, 140839
List the prime factors of 3900894.
2, 3, 359, 1811
List the prime factors of 640351.
103, 6217
What are the prime factors of 765200?
2, 5, 1913
What are the prime factors of 15256827?
3, 1301, 1303
List the prime factors of 10130321.
41, 211, 1171
List the prime factors of 5991251.
7, 19, 107, 421
List the prime factors of 526226.
2, 107, 2459
List the prime factors of 1196183.
19, 157, 401
List the prime factors of 363877.
67, 5431
What are the prime factors of 17225773?
17225773
What are the prime factors of 18024203?
23, 783661
What are the prime factors of 1216814?
2, 43, 14149
What are the prime factors of 31695?
3, 5, 2113
List the prime factors of 671850.
2, 3, 5, 1493
What are the prime factors of 6595315?
5, 59, 79, 283
What are the prime factors of 14584156?
2, 3646039
List the prime factors of 11802028.
2, 7, 421501
What are the prime factors of 613839?
3, 204613
List the prime factors of 6665246.
2, 7, 476089
What are the prime factors of 16134849?
3, 31, 37, 521
List the prime factors of 267457.
71, 3767
List the prime factors of 214623.
3, 7949
List the prime factors of 3013267.
17, 19, 491
List the prime factors of 126466.
2, 37, 1709
What are the prime factors of 315349?
315349
What are the prime factors of 303339?
3, 101113
What are the prime factors of 4262633?
43, 99131
List the prime factors of 1467002.
2, 71, 10331
What are the prime factors of 238403?
11, 21673
List the prime factors of 6775193.
6775193
List the prime factors of 221222.
2, 53, 2087
List the prime factors of 472909.
472909
List the prime factors of 72588.
2, 3, 23, 263
List the prime factors of 1375196.
2, 343799
List the prime factors of 22297810.
2, 5, 23, 29, 3343
List the prime factors of 201198.
2, 3, 33533
List the prime factors of 1619678.
2, 809839
List the prime factors of 214383.
3, 13, 23, 239
List the prime factors of 461695.
5, 13, 7103
W